19
Suppose -21*s + 4*l + 8932 = -19*s, -5*s + 22363 = l. What are the prime factors of s?
2, 13, 43
Let p(j) = j**3 + 3*j**2 + j + 6. Let c be p(-3). Suppose -3*w = 2*w + 3*n - 258, 0 = w + c*n - 54. What are the prime factors of w?
3, 17
Let d(l) = 112*l - 20. What are the prime factors of d(8)?
2, 3, 73
Suppose -169 = -4*q + 111. Suppose -2*s - 3*s + q = -5*w, 4*w = -s + 34. List the prime factors of s.
2, 3
Suppose 28*w = 7*w + 7896. List the prime factors of w.
2, 47
Suppose 0 = 2*a - 2, 4*a + 0 = -w + 100. What are the prime factors of w?
2, 3
Let j(w) = -w**2 + 9*w + 8. Let h be j(8). Suppose -2*l - 4 = h. List the prime factors of (-106)/l - (-12)/30.
11
Suppose -5 = l + n, -3*n + 4*n + 17 = -3*l. List the prime factors of 2/(l/255)*-1.
5, 17
Let c = -36 - -75. What are the prime factors of 408/52 - (-6)/c?
2
Suppose 12*q - 149 = -29. Suppose -5*h - 10 = q, -3*h = -3*c + 519. What are the prime factors of c?
13
Let f(r) = -3*r + 4. Let x be (-1)/(((-4)/(-7))/4). Let m be f(x). Suppose -m = -4*q - 1. What are the prime factors of q?
2, 3
Let c(p) = 64*p**3 + p**2 - 2*p. List the prime factors of c(2).
2
Suppose 1 = -2*c + 2*g - 3*g, -2*g = -c + 7. Let x(q) = 7*q + 6. Let i(a) = -11*a - 9. Let d(w) = -5*i(w) - 7*x(w). List the prime factors of d(c).
3
Let s be -4 - 12/(-3) - 0. Suppose s = -5*d - k + 96, -56 = 5*d - 4*k - 172. List the prime factors of d.
2, 5
Suppose -2*k = t + 15, -2*k - 9 - 21 = -4*t. Let a(r) = -r**2 - 10*r + 5. Let v be a(k). Suppose -s + 0*l + v = 2*l, 0 = 3*l + 6. List the prime factors of s.
2, 3
Suppose 9 = -2*i + 3*w, 5*i = 4*w - 3 - 2. List the prime factors of 22 + -3 + (4 - 9/i).
2, 5
List the prime factors of 4096/32 - (2 - -4).
2, 61
What are the prime factors of (-6252)/((70/245)/(2/(-14)))?
2, 3, 521
Let k be 1/((-4)/16*2). Let f(x) = -2*x**3 - x**2 - 2*x. Let w be f(k). Let b = w + 8. List the prime factors of b.
2, 3
Let a(q) = 3*q**3 + 12*q**2 + 9*q + 4. Let d be a(-3). Let j be (9/2)/(3/102). Suppose 3*h + j = 2*r + 2*r, d*h = -3*r + 96. List the prime factors of r.
2, 3
Suppose -n = -6*c + 14173, -5*c + 4*n = 8*n - 11835. What are the prime factors of c?
17, 139
Suppose -2*p + 5 + 3 = 0. Suppose -w - 3*t = 13, -p*t = -4*w + w + 26. Suppose 4*j - w*g - 36 = -0*g, -3*g = j - 2. What are the prime factors of j?
2
Let q = 91 - 55. Suppose 20 - q = -4*i. List the prime factors of i.
2
Let r = -481 + 490. What are the prime factors of r?
3
Let x be (20/25)/(-2)*-10. Suppose 2*u + 2*u + 100 = 2*f, -3*f = x*u - 140. List the prime factors of f.
2, 3
Suppose 0 = 5*v - 502 - 68. What are the prime factors of v?
2, 3, 19
Suppose 78 = 10*t - 7*t - q, -t = -5*q - 12. What are the prime factors of 3813/t + (-4)/18 + 3?
2, 3
Let d(r) = 699*r + 8. What are the prime factors of d(1)?
7, 101
Let g(b) = -b**2 - 14*b - 15. Let i be g(-13). List the prime factors of 101*((-8)/4)/i.
101
Let i be 2 + -3 - (1 - 5). Suppose 0 = -h + 1, 2*h - i = -a + 3. Suppose 0 = 3*c + 4*n - 19, 1 = 5*c + a*n - 28. List the prime factors of c.
5
Let n(s) = -12*s**2 + 6*s**3 - 7*s**3 + 8 + 0*s - 10*s. Let m be n(-11). Let q(g) = -g**3 - 3*g**2 - 5*g - 4. What are the prime factors of q(m)?
11
Suppose 0 = 4*y + m - 18 + 1, 2*m = -y + 13. Suppose -l + 24 = 2*c, -y*c + 4*c + 164 = 5*l. What are the prime factors of l?
2
Let u(p) = -p + 2. Let g be u(0). Suppose -2*x = -g, -2*x = 3*d + x - 207. List the prime factors of d.
2, 17
Let f = 25 + -49. Let j be (-2)/((-6)/8*2/3). List the prime factors of ((-42)/j)/(18/f).
2, 7
Let b = 120 + -125. Suppose 83 + 80 = 4*x - 3*t, 2*x + 5*t = 49. Let n = x + b. List the prime factors of n.
2
Suppose 25*b = 29*b - 68. Suppose -5*m - 78 + 253 = 0. Let l = b + m. List the prime factors of l.
2, 13
Suppose -30*r + 34785 = -15*r. What are the prime factors of r?
3, 773
Suppose -2*j = -26 - 16. Let n be (-8)/(-6)*j/(-14). What are the prime factors of (21/(-6))/(n/4)?
7
Let o(f) = 19*f**2 + 164*f - 17. List the prime factors of o(-16).
3, 13, 19
Let f = 9 - 0. Suppose f*o - 25 = 4*o. Suppose -4*p - 21 = -o*p. List the prime factors of p.
3, 7
Let l(b) = 9 + 9 - 20 + 4*b**2 - 3*b**2 - 2*b. Let r be 15/(-4) + 2/(-8). List the prime factors of l(r).
2, 11
Let v(b) = 296*b**2 - b + 2. Let l be v(1). Suppose -5*h + 2*h + l = 0. What are the prime factors of h?
3, 11
Let x(v) = v**3 + 9*v**2 + 10*v + 5. Let p be x(-8). List the prime factors of p/2*(-18 + 6).
2, 3, 11
Suppose 3 = -3*h, -h + 627 = 4*j + 4*h. What are the prime factors of j?
2, 79
Let t(f) = 8*f**2 + 24*f + 15. List the prime factors of t(-11).
719
Suppose -3*k - 3*z - 2*z - 25 = 0, 0 = -2*k + 2*z + 10. Suppose k = -x + 51 + 30. List the prime factors of x.
3
Suppose 24 = 4*q + 4. Suppose -q*m = 3*t - 63, 3*m = -t - m + 14. Let f = t - -17. List the prime factors of f.
43
Let m = 85 - 51. Suppose v - 73 = m. Suppose 2*s - 15 = v. What are the prime factors of s?
61
Suppose n + t + 1 = 0, -11 = -2*n - 3*n + 3*t. List the prime factors of (3 + -2)/(n/134).
2, 67
Let s(b) = -17*b + 94. List the prime factors of s(-19).
3, 139
Let a(y) = y**3 + y**2 + y + 3. Let s be a(0). Suppose -5*w - 270 = -s*u + 146, 0 = -4*u - w + 524. List the prime factors of u.
2, 3, 11
Let i(t) = 27*t**2 - 12*t + 375. What are the prime factors of i(13)?
2, 3, 797
Let k = -8 - -22. Suppose 7*g + 6 = -29. Let s = k + g. What are the prime factors of s?
3
Suppose 0 = -3*g + 7*g - 144. What are the prime factors of (-6)/g - (-86)/12?
7
Let g(j) = 17*j + 1. Let q be g(3). Suppose 2*c = -l - 21, -l + 4*l + q = -5*c. Let s = c + 25. List the prime factors of s.
2, 7
Let d = -255 - -627. What are the prime factors of d?
2, 3, 31
Suppose 7*z = 12*z. Suppose z = 2*x + x + 5*i - 10, -i = 2*x - 2. Suppose x = v - 3*v + t + 14, 4*t - 52 = -4*v. List the prime factors of v.
3
Let u(g) = 18*g + 17*g - 10 - 41*g. What are the prime factors of u(-3)?
2
Suppose 5*u - 11550 = -4*h, -h + 6923 = 3*u - 0*h. List the prime factors of u.
2, 1153
Suppose -2*c + 4*b + b + 97 = 0, -5*b = -5. Let v = 73 - c. List the prime factors of v.
2, 11
Suppose 4*w - 10 = 10. Let x(m) = 3*m - 14. Let j be x(7). Suppose w*s = -4*f + j, 2*f - f + 4*s = -12. What are the prime factors of f?
2
Let l be 1 - 1*(-5 + 3). Suppose -l*p - 2*p = 0, -4*o - 3*p = -80. List the prime factors of o.
2, 5
Suppose -2*x - 8 = -4*i, 3*i - 5 = 2*x - 0. Suppose i*d + 0*d = 6. List the prime factors of (-11)/d*(-8)/4.
11
Let y(x) = -2*x + 15. Let k = -4 + 19. Suppose 2*p - 20 = 2*f, -5*p = -2*f - 47 + k. What are the prime factors of y(f)?
3
Let j be (-1 + 1 - 2)*1. Let c(g) be the third derivative of -g**6/40 - g**5/20 - g**4/12 - 2*g**3/3 + 597*g**2. What are the prime factors of c(j)?
2, 3
Suppose -2 + 42 = 10*a. Suppose -5*z - 3*x - 56 = -255, -4*z + a*x + 172 = 0. List the prime factors of z.
41
Let m = 95 - 39. Suppose 31 = 2*n - 3*g, 5*n - 17 - m = 3*g. List the prime factors of n.
2, 7
Suppose 20*j - 75270 = -10*j. What are the prime factors of j?
13, 193
Let o = 132 + -42. Let t = o + -49. List the prime factors of t.
41
Let z(c) = -c**3 + 4*c**2 - 2*c - 2. Let n be z(2). Let y be 1/(-5) - 32/(-10). Suppose n*g + y*g = -2*f + 86, g - 8 = -5*f. List the prime factors of g.
2, 3
Let z = 3654 + -2500. What are the prime factors of z?
2, 577
Suppose s - 8*s = 0. Suppose s = 4*d + d, -225 = -5*a - 2*d. List the prime factors of a.
3, 5
Let u(c) be the second derivative of 17*c**3/6 - 13*c**2/2 + 14*c. What are the prime factors of u(2)?
3, 7
Let o(f) = f**2 - 11*f + 14. Let b(g) = g**2 - g + 1. Let j(u) = 6*b(u) - o(u). List the prime factors of j(-5).
2, 23
Suppose 41*s - 32*s = 4428. List the prime factors of s.
2, 3, 41
Let l(h) = h**3 + 5*h**2 - 4*h + 3. Let y be l(-6). Let k = 28 + y. List the prime factors of k.
19
List the prime factors of (-5)/((-60)/47037) - (-160)/128.
3, 1307
Suppose 14 - 6 = -4*a, 4*r + 3*a - 54 = 0. Let b be (-10)/(-15)*r/2. Suppose 86 = b*f - 109. What are the prime factors of f?
3, 13
Suppose 2*h - 1 - 15 = -2*k, 0 = 3*h - 4*k - 17. List the prime factors of (0 - -1)*(52 - h).
3, 5
Let p(f) be the second derivative of 3*f**5/5 - f**4/6 - 15*f. List the prime factors of p(2).
2, 11
Suppose 0*t - 5*t = -15. Let k(y) = 8 + 24 + y - y**t - 4. What are the prime factors of k(0)?
2, 7
Let q(p) be the thir